-12)). Let p be (4/108)/((-18)/(-486)). Calculate the greatest common factor of p and b.
1
Suppose -5*h - 30 = 0, -94*m + 2*h = -96*m + 528. What is the greatest common factor of 315 and m?
45
Suppose 7920 = -263*j + 293*j. Calculate the highest common factor of 1001 and j.
11
Let s = -3741 + 6302. What is the highest common divisor of s and 13?
13
Let m(r) = 2*r**2 + 139*r - 191. Let y be m(-71). What is the highest common factor of 671 and y?
11
Let o(x) = -8 - 7*x - 17 - 24. Suppose 3*s = 4*i - 59 + 11, -4*s - 2*i - 42 = 0. Let d be o(s). Calculate the greatest common divisor of 140 and d.
35
Let d be (-79 + 53)*(3225/(-6))/5. What is the greatest common divisor of 39 and d?
13
Let o(d) = 2*d**3 + 6*d**2 - 9*d + 11. Let g be o(-4). Let w be (1/(-2) + 1)*20/2. Calculate the greatest common factor of g and w.
5
Suppose 12310 + 974 = -430*i + 431*i. Calculate the highest common factor of 328 and i.
164
Let f(p) = 14*p + 1676. Let a be f(-77). What is the highest common factor of 104 and a?
26
Let c be 2/(-5) - 184/5*2. Let y = -28 - c. Calculate the greatest common divisor of 414 and y.
46
Let z(j) = 13*j**2 - 7*j + 7. Let w be z(5). Let n(b) = 181*b + 112. Let q be n(-5). Let y = q - -820. What is the greatest common divisor of w and y?
27
Suppose -t - 3 = 3*m + 11, 2*m - t = -1. Let o(q) = -3*q + 7. Let i be o(m). Calculate the highest common divisor of i and 12.
4
Let b(h) = 2*h**2 + 126*h - 110*h - 2 + 1. Let z be b(-11). Suppose -4*i + 0 + 52 = 0. What is the highest common divisor of i and z?
13
Let n be -7 + (-9)/((-54)/132). Let x be 18/(-45) - (0 + (-306)/n). What is the greatest common divisor of x and 75?
5
Suppose 0 = 76*z - 0*z + 6498 - 26638. Calculate the highest common factor of z and 1219.
53
Let k(a) = -3*a - 9. Let x be k(-6). Suppose 0 = 3*b - 6 - x. Suppose 2*v + 6 = 0, b*v = -0*p - 4*p + 129. Calculate the highest common divisor of p and 12.
12
Let m be 9/((-27)/(-60))*(-4)/10. Let z(f) = -4*f - 12. Let x be z(m). Suppose h = x + 95. Calculate the greatest common factor of 23 and h.
23
Suppose 198570 = 5*z + 11*z + 34538. Calculate the greatest common factor of z and 132.
44
Let d(z) = 34*z**2 - 98*z - 527. Let o be d(-7). Calculate the greatest common divisor of 425 and o.
25
Suppose 2*p + 112 = -3*j, 42 = -j - 0*j + 4*p. Let y be (-275)/95 - (-4)/j - -10. What is the highest common factor of 21 and y?
7
Let v be (-59)/(-472) - (-49)/(-8). Let o(p) = -p**2 - 4 - 5 - 6*p + 2*p**2. Let d be o(v). What is the highest common divisor of 9 and d?
9
Let k(g) = -3*g**2 + 115*g + 87. Let b be k(39). Calculate the greatest common factor of 4 and b.
1
Let k be (-42)/28 + 3045/10. Let w = k - 285. Calculate the greatest common factor of w and 387.
9
Suppose -9*z - 44 = -7*z. Let t(i) = -2*i + 33. Let b be t(z). Let o = -28 - -39. Calculate the greatest common divisor of o and b.
11
Let y = 33278 + -33068. What is the highest common divisor of y and 5310?
30
Suppose 230*a - 216*a - 392 = 0. What is the highest common factor of a and 1043?
7
Suppose 0 = l + 20*l - 42. Suppose l*a - 6*a + 8 = 0. What is the highest common divisor of a and 14?
2
Let d be -6 + 114/18 - (-5 - 22632/9). Calculate the greatest common factor of d and 1764.
252
Let x = 7 + -7. Suppose 2*i + i - 120 = x. Let h(y) = y**3 + 7*y**2 - 11*y - 72. Let c be h(-7). What is the highest common divisor of c and i?
5
Let u(l) = 21*l - 11. Let h be u(7). Suppose 231 = 5*n + h. What is the highest common divisor of n and 1?
1
Suppose 7777 = 11*r + 7612. What is the greatest common factor of r and 660?
15
Suppose 25*k = 26*k, 5*k + 9 = 3*y. Suppose 0 = y*p + 6*p - 4329. What is the greatest common factor of 13 and p?
13
Let l(i) = i**2 + 17*i + 79. Let z be l(-16). Suppose -3*f = -443 + 92. Calculate the greatest common factor of z and f.
9
Suppose -16*r + 14*r + 700 = z, -r - 3*z + 360 = 0. What is the greatest common divisor of 276 and r?
12
Let h(w) = -26*w - 119. Let r be h(-14). Let u be 3528/r - 2*(-1)/(-5). Calculate the highest common divisor of u and 4.
2
Suppose -2*o + 13 = -23. Let g be (3/4 - ((-825)/100 + 13)) + 13. What is the highest common factor of g and o?
9
Suppose 0 = 39*b - 4615 + 286. Calculate the greatest common divisor of b and 2183.
37
Let t = -412 - -415. Let r be (16/(-12) - -6)/(1/t). Calculate the highest common divisor of r and 14.
14
Suppose a = 2*o - 3 + 10, -2*o - a = 1. Let d be (36/(-15))/(o/140). What is the greatest common divisor of 21 and d?
21
Suppose 1102 = 55*a - 1960 + 422. Calculate the highest common factor of a and 96.
48
Let z(r) = 43*r + 176. Suppose i - 2*g + 1 = 0, 2 = -2*i - 3*g - 7. Let u be z(i). Calculate the highest common factor of u and 2.
1
Suppose h = -4*l + 2*h + 219, 3*h = -5*l + 278. Let c = -189 - -198. Suppose -58 = -c*y - 13. Calculate the highest common factor of l and y.
5
Suppose 0 = 5*l + 4*i - 345, l + 0*i = -4*i + 85. Calculate the greatest common factor of 2522 and l.
13
Suppose -2*q + 4 = 0, 0 = -2*o + 5*q - 9*q + 710. Suppose -213*c + 222*c - o = 0. What is the greatest common divisor of 429 and c?
39
Let c = -3039 - -3041. Calculate the highest common factor of c and 250.
2
Let s be 84/14 + 2 + -4. Suppose s*l - 39 = -3*p, 3*p - 6*p = -3. Calculate the greatest common divisor of l and 45.
9
Suppose -21*t + 20*t + 188 = 0. Suppose 3*c - 7 = t. Let u = c + -62. What is the highest common divisor of u and 33?
3
Suppose -1 = -3*a - 10. Let v be (-165)/(-3)*(-2 - a). Suppose 8*m - 10*m + 1381 = 5*i, 4*m - 837 = -3*i. Calculate the highest common divisor of v and i.
55
Let u(l) = -15*l + 22 + 75*l**2 - 4*l**3 + l**3 + 4*l**3 - 53*l**2. Let h be u(-22). Let d = -242 + h. Calculate the highest common divisor of 22 and d.
22
Let a(p) = 321*p - 1908. Let x be a(6). What is the greatest common divisor of x and 158?
2
Let j = -15 - -26. Suppose -j = 6*h + 1. Let v be 4/(-10) + h/(-5) - -40. Calculate the highest common divisor of v and 30.
10
Let s be (3*-8)/((-10)/325). Suppose -2*h + h + 780 = 2*n, 2*h = 2*n - s. Suppose 8*b = 3*b + n. What is the greatest common factor of 52 and b?
26
Suppose 18*j - 13 = 59. Let v be 17 + -9 + j - -3. Suppose -v*r = -6*r - 1053. Calculate the highest common divisor of r and 13.
13
Suppose 17*g + 52 = b + 22*g, 0 = 4*b - g - 103. Suppose b*y = -2*y + 1740. What is the highest common divisor of y and 210?
30
Suppose -12 = -3*f, 63*b - 2372 = 60*b - 5*f. Suppose -23*g = -b + 209. What is the highest common divisor of g and 200?
25
Let a = -42 + 75. Let y = 69 - a. Suppose 3*w + 2*m = 30, -3*w - w = -m - 51. Calculate the greatest common factor of w and y.
12
Let g be 2/67 - (-126144720)/15678. What is the highest common divisor of 81 and g?
27
Suppose -n + 3 = 0, -4*h + 4*n = 4885 - 14465. What is the highest common factor of h and 242?
22
Let i(o) = -o**2 + 2*o + 264. Let w be i(-14). Calculate the highest common factor of w and 12.
4
Let w = 213 - 366. Let j be w/(-2) + 4/(-16)*2. Calculate the greatest common factor of 57 and j.
19
Let l be (12237/(-15))/(-1) + ((-1728)/60)/(-24). What is the highest common factor of l and 95?
19
Suppose -3*o = 2*v - 3320, 0 = -25*v + 21*v - o + 6660. What is the highest common factor of 196 and v?
98
Let q be (-15)/(-3) + 13/((-78)/(-684)). Let x = -114 + q. Calculate the highest common divisor of x and 65.
5
Let z be 1584/(-42)*70/(-20). Let w be z*(6 - 16/3). What is the greatest common divisor of 77 and w?
11
Let w(o) be the second derivative of o**3/2 + 7*o. Let d be w(-3). Let h = 30 + d. Calculate the highest common factor of h and 42.
21
Let y be (-4)/(66/70 + -1). Suppose -25*r = -2917 - 8458. Calculate the greatest common factor of y and r.
35
Let i(m) = 39*m - 210. Let u be i(7). Calculate the greatest common factor of u and 623.
7
Let d be (2/(-3))/(((-208)/600)/13). Suppose 15*r + 40 = d*r. Suppose -3*q + 11 = -s, 0*q + 18 = 2*s + 2*q. Calculate the greatest common divisor of r and s.
4
Suppose -30*t - 19*t + 4567 = -2195. What is the highest common divisor of 2369 and t?
23
Let m = 137 - 453. Let p = 489 - m. What is the highest common factor of p and 35?
35
Let b = -6833 + 8802. What is the greatest common divisor of b and 99?
11
Let t(b) = -6 - 12*b + 22*b - 31*b + b**2. Let f be t(23). What is the greatest common factor 